**4 + 3*h + 4/3*h**3 + 7/2*h**2. Give n(f).
-8
Let n(i) = i**2 - 56*i + 92. Let r(f) = -1330*f - 6596. Let u be r(-5). Give n(u).
-16
Let o(r) = r**3 - r**2 + r - 8. Let d = 198 + -198. Suppose 2*m - 5*m + 5*i = d, 3*i = -3*m. Give o(m).
-8
Let y(l) be the third derivative of -l**4/6 + 28*l**3/3 - 133*l**2. What is y(15)?
-4
Let k(b) = 2*b - 43. Let y be k(25). Let g(r) = -36*r + 5 - y + 67*r - 32*r. What is g(4)?
-6
Suppose c = -4*d + 40, 4*d + 4*c - 43 = -3. Suppose h = d*h + 18. Let q(z) = 2*z**3 - 2*z - 3. Give q(h).
-15
Let n(w) = 14*w + 7. Let b(h) = -40*h - 17. Let c(u) = -6*b(u) - 17*n(u). Determine c(2).
-13
Let w(x) = 2*x**3 + 4*x**2 + 4*x + 2. Let g = -191 - -198. Suppose -2*m = -2*p - 2, 24*p + m = 28*p + g. Give w(p).
-6
Let f(a) = -a**3 - 3*a**2 + 2*a + 2. Let d(r) = 2*r**3 + 4*r**2 - 17*r - 30. Let b(c) = -d(c) - 3*f(c). What is b(-4)?
-4
Let t(p) = 8929*p + 10*p**2 - 3*p**3 - 8939*p + 32 + 2*p**3. What is t(9)?
23
Let t(z) = -4*z**2 - 7*z**2 - 124693*z + 124674*z + z**3 - z**2. Determine t(13).
-78
Suppose -4*i - 1822 = 3*d, -4*d + 2*i - 1886 = 558. Let x = 619 + d. Let o(l) = l**3 - 8*l**2 - 12*l + 5. What is o(x)?
-22
Let w(t) = -t**3 - 10*t**2 + 21*t - 26. Let b(j) = j**3 + 9*j**2 - 19*j + 22. Let z(f) = -6*b(f) - 5*w(f). Determine z(-3).
-38
Suppose -28*h = -27*h - 3. Let b(t) be the third derivative of -1/60*t**5 + 7/24*t**4 + 0*t + 0 + 9*t**2 + 1/3*t**h. Give b(6).
8
Let r be (-12)/30 + 104/10. Suppose h = -0*h - 3*f + 12, 5*f = -h + 12. Suppose h - 42 = -r*t. Let q(s) = s**3 - 4*s**2 + 3*s - 3. What is q(t)?
-3
Let h(z) = -20*z**2 - 8*z - 125. Let r(a) = 7*a**2 + 3*a + 42. Let x(w) = 6*h(w) + 17*r(w). Let f(n) be the first derivative of x(n). Determine f(7).
-11
Let k(h) be the first derivative of h**3/3 + h**2/2 + 12*h - 2. Let o(r) = -5*r**2 - 37*r - 14. Let a be o(-7). Give k(a).
12
Let i = -24193 - -24198. Let g(j) = j**3 + 3 - 4*j**2 - 3*j + 0*j - j. Calculate g(i).
8
Let c(y) = y**3 - 40*y - 17. Suppose 22 = -5*g - 5*o + 7*o, 3*o + 30 = -3*g. Calculate c(g).
7
Let q(t) = -t + 20. Let h be -5 - -6 - (8 - (13 - 1)). Determine q(h).
15
Let v(g) = 70*g - 8. Let h(m) = -107*m + 15. Let a(w) = 52*w - 7. Let k(t) = -5*a(t) - 2*h(t). Let b(l) = 8*k(l) + 5*v(l). Determine b(1).
-18
Let c be (0 + 5)*((-2)/14 + (-2160)/(-1890)). Let l(r) = 11*r**2 - 53*r - 14. Give l(c).
-4
Let c(w) = 19*w + 5. Let j be 3 + -2 - (8 - -7 - 18). Give c(j).
81
Suppose 5*i + k - 47 = 0, 70*i - 19 = 69*i + 3*k. Let x(b) = -b**2 + 7*b + 21. Give x(i).
-9
Let a(y) = 3*y + 6. Let g be ((-1848)/(-165))/((-37)/35 - -1). Let b = -200 - g. Determine a(b).
-6
Let m(n) = -n**3 + n**2 + 9*n + 2. Let y be m(4). Let g(l) = -97*l + 96*l**3 - 97*l**3 + 100*l - 10*l**2 + 8. Give g(y).
-22
Let n(i) be the first derivative of -i**4/2 - 5*i**3/3 + 19*i**2/2 + 9*i + 2594. Calculate n(-4).
-19
Let g = -506 + 511. Let u(o) = -8*o**3 + 2*o**3 - 37*o + 42*o - g*o**2 + 7*o**3 + 1. What is u(5)?
26
Suppose k - 14 = -2*n, -2*k - 15*n + 7 = -18*n. Let j(l) be the second derivative of 3*l**2 + 1/20*l**5 - 3/2*l**3 - 4*l + 0 - 7/12*l**4. Calculate j(k).
-2
Let w(u) be the first derivative of u**2/2 + 13*u - 1127. What is w(-8)?
5
Suppose -5*o = -o + 28. Let p(t) = -29 + 22 - 31 + 9*t - 27 + 73 + t**2. Calculate p(o).
-6
Let f = -514 - -519. Let t(a) = 16*a - 4. Let v(q) = 3*q - 1. Let x(o) = 4*t(o) - 22*v(o). What is x(f)?
-4
Let p be 10/8 - 39/12. Let g(f) = -17*f + f**3 + f**3 + 18*f + 3*f**2. Calculate g(p).
-6
Let g(u) be the first derivative of 325 + 11/3*u**3 - 2*u - 1/2*u**2. Determine g(2).
40
Let t(k) be the third derivative of -k**5/60 + k**4/3 + k**3/3 + 2*k**2. Let h = 254 - 245. Calculate t(h).
-7
Let u(n) = -n**3 + 26*n**2 - 87*n - 1. Let a be 108/5 + (393/3930)/((-2)/(-8)). Calculate u(a).
21
Let v(d) = 0 + 39*d**2 - 2 - 40*d**2 - 5*d + 7. Suppose -3*k + 2*m - 8 = 0, 37 = -4*k - m + 8. Calculate v(k).
-1
Let q(g) be the second derivative of g**6/720 + g**5/24 + g**4/6 + 17*g**3/6 - 137*g. Let b(r) be the third derivative of q(r). What is b(-8)?
-3
Let f(g) = 8*g**3 + g**2 - g. Let q = 727 + -725. Suppose u = 5*x + 4, 0 = q*x + 2*u + 3*u + 7. Determine f(x).
-6
Let s(p) = 5*p**2 - 10*p + 13. Let u(w) be the second derivative of -w**4/2 + 5*w**3/3 - 7*w**2 - 122*w. Let l(m) = -5*s(m) - 4*u(m). What is l(8)?
7
Let c(i) = -i - 11. Let j(w) = 21*w**2 - 12*w - 17. Let f be j(-5). Let l = f + -580. Calculate c(l).
1
Let l(p) = -p**3 - 3*p**2 - 573 + 1147 - 576 - 3*p. Suppose 3*q - 4 - 2 = 0. Suppose 2*x - 3*x + 17 = 4*h, -x + 7 = q*h. Give l(x).
7
Let y be (-11 - 29)/10 - -9. Let k(s) = -7*s - 4. Let x(o) = 7*o + 5. Let g = 11 - 5. Let q(z) = g*k(z) + y*x(z). Give q(1).
-6
Let m(u) be the second derivative of u**5/12 - u**4/12 + 47*u**2 - 6*u - 4. Let i(b) be the first derivative of m(b). Determine i(-2).
24
Let m(l) = 2*l + 4*l - 5*l + 7*l - 23076 + 22900. Determine m(21).
-8
Let h = -32687 + 32669. Let t(c) = -6*c - 125. Determine t(h).
-17
Suppose 140*n + 138 + 315 = -11*n. Let w(m) = m**2 + m + 3. Determine w(n).
9
Let r(n) be the second derivative of n**4/12 + 8*n**3/3 + 10*n**2 - 25*n - 4. Suppose 3*h - h + 28 = 0. Calculate r(h).
-8
Let u(k) = 4*k + 4. Let h = -6 + 15. Suppose -30*f + h = 129. Determine u(f).
-12
Suppose 94*i - 27 = 95*i - 5*j - 6, 0 = -4*j. Let y(b) = -7*b**2 - 148*b - 23. What is y(i)?
-2
Suppose -7*h + 6*h = k, -5*h + 4*k = -27. Let z(m) = 3*m**2 - 6*m - 6. Calculate z(h).
3
Let n(l) = 11*l + 19. Let c(h) = 27*h + 37. Let p(d) = -2*c(d) + 5*n(d). What is p(-1)?
20
Let h(p) = -7*p + 49. Let a(j) = -14*j + 93. Let v(n) = 2*a(n) - 5*h(n). Determine v(8).
-3
Let x(f) be the second derivative of -f**3/6 - f. Let o(q) = -500*q + 1052. Let w(g) = 77*g - 162. Let m(z) = -5*o(z) - 32*w(z). Let t be m(2). Determine x(t).
4
Let g(n) be the first derivative of -n**5/20 - 11*n**4/12 - 5*n**3/3 + 11*n**2/2 - 39*n - 37. Let f(t) be the first derivative of g(t). What is f(-10)?
11
Suppose -54 = -3*o - 3*o. Suppose -l = -o + 15. Let v(j) = -j**3 - 6*j**2 - 1. Determine v(l).
-1
Let c(d) = 7 - d + 3*d - 22 - 1. Let r(z) = -z + 11. Let m(o) = -6*c(o) - 10*r(o). What is m(-6)?
-2
Let g(m) = -m**3 + 6*m**2 + 2*m - 8. Let q be g(6). Let k(c) = 11 - c**2 - 5 + 1 + q*c + 2. Suppose 4*i + 14 = 2*p, -4*p = 2*i - 10 - 18. What is k(p)?
-12
Let m(z) = 4*z**3 + 2*z - 1. Let y be ((-11)/(55/(-4)))/(1/10). Suppose -y*f = -5 - 3. Calculate m(f).
5
Let f(i) = 8*i**3 - 25*i**2 + 17*i + 1. Let y(o) = -7*o**3 + 20*o**2 - 15*o - 2. Let k(v) = 5*f(v) + 6*y(v). Give k(-3).
17
Let a(v) = -10*v**2 - 66*v - 553. Let w(g) = 7*g**2 + 43*g + 369. Let u(z) = 5*a(z) + 7*w(z). Let s be u(-20). Let n(f) = 4*f**3 + f**2 + f + 2. Calculate n(s).
-28
Let t(i) = i + 1. Let w(m) = -m**3 - 7*m**2 + 5*m - 4. Let n be w(-8). Let v be ((-8)/(-10) - 2)/(8/n). Let j be 7/(2 + v) + -1. What is t(j)?
-7
Let a be ((-38)/(-19) - (-5)/((-30)/12)) + 12. Let l(k) = 34*k - 406. Determine l(a).
2
Let u be (16 + -18)*2/(-48). Let h(l) be the third derivative of 7/6*l**3 + 0*l**4 - u*l**5 + 0*l - 4*l**2 + 1/120*l**6 + 0. What is h(5)?
7
Let r = -20 + 29. Suppose 0 = 9*s - r. Let f(j) = 3*j + 3. Let p(k) = 1. Let u(t) = s*f(t) - 2*p(t). Calculate u(1).
4
Let u(g) = g**3 + 7*g**2 - 6*g - 7. Let i = -362 + 788. Let c = 419 - i. What is u(c)?
35
Let t(h) = 185*h + 26. Let a(o) = -39*o - 1. Let f(s) = 5*a(s) + t(s). Calculate f(3).
-9
Let n = 4 + 2. Let u(x) = -x**3 + 10*x**2 - 15*x - 6. Let f be u(8). Let s(d) = 4*d + 87*d**2 - 45*d**f - 43*d**2 + 7. Calculate s(n).
-5
Let q(h) = -6*h - 7*h**2 + h**3 + 4 - h - 3. Suppose 0 = 4*y - 9*y - 2*y. Suppose 51*s - 95 - 313 = y. Determine q(s).
9
Let k(r) = r**2 + 10*r + 19. Let g be -9 - 8*10/(-80). What is k(g)?
3
Let j(m) = -m**2 + m. Suppose -6*c = -c + 15. Let d(b) = 2*b**2 - 8*b - 4. Suppose 41*k - 12 + 53 = 0. Let t(h) = c*j(h) + k*d(h). Determine t(-7).
18
Let m(f) be the second derivative of -f**6/120 - f**5/12 + 5*f**3/6 + 28*f**2 + 2*f - 8. Let c(t) be the first derivative of m(t). Determine c(-5).
5
Let s(o) = 7*o**2 - o. Let r(k) = 2*k + 54. Let y be r(-9). Suppose 0 = g - 5*p + 11, g + 3*g - y = 4*p. Let q be g + -12 - (0 - -1). What is s(q)?
6
Suppose 7*s - 31*s - 70 = -10*s. Let u(i) be the first derivative of -i**3/3 + 4*i**2 + 4*i - 2. Let c(b) = -b**